1991*s + 21891598. Determine i(-267).
1
Let d(v) = -10*v**3 - 41*v**2 + 473379*v + 1893534. What is d(-4)?
2
Let p(l) = -1272*l**2 + 42*l + 32. What is p(-1)?
-1282
Let d(b) = 64*b**2 - 3554*b + 7104. Calculate d(2).
252
Let o(t) = 535*t - 5472. Calculate o(10).
-122
Let n(v) = 5*v**3 - 243*v**2 + 2709*v + 589. Calculate n(31).
0
Let f(k) = k**2 + 526*k + 66363. What is f(-207)?
330
Let l(o) = -o**3 + 9*o**2 + 134*o - 986. Determine l(13).
80
Let s(l) = 991*l - 47614. Give s(48).
-46
Let r(c) = 18*c**2 + 282*c + 435. Calculate r(-13).
-189
Let d(n) = -618*n + 25540. Determine d(41).
202
Let t(g) = -46*g**2 - 460*g + 29. Give t(-10).
29
Let g(p) = -2857*p + 177120. Calculate g(62).
-14
Let v(b) = -b**2 - 1899*b + 692355. What is v(313)?
-1
Let v(c) = -c**2 - 61*c + 4463. Determine v(-112).
-1249
Let q(h) = -40*h - 534. Give q(29).
-1694
Let x(a) = -19988*a + 159981. Calculate x(8).
77
Let n(i) = 3*i**2 + 25643*i + 332862. Give n(-13).
10
Let g(p) = 2*p**3 - 34*p**2 + 168*p - 2657. Determine g(17).
199
Let v(z) = -648*z - 3145. What is v(-4)?
-553
Let d(u) = -3*u**2 - 373*u - 5290. What is d(-108)?
2
Let d(c) = c**3 + 63*c**2 + 64*c + 8193. What is d(-64)?
1
Let i(s) = -20*s**2 - 32*s - 79. Calculate i(-5).
-419
Let z(r) = 296*r + 76119. What is z(-260)?
-841
Let i(c) = -95*c + 18091. What is i(192)?
-149
Let d(z) = 48536*z + 485317. Give d(-10).
-43
Let u(w) = -w**3 - 1814*w**2 - 7332*w - 166520. Determine u(-1810).
0
Let v(x) = -x**3 + 141*x**2 - 2808*x - 176. What is v(117)?
-176
Let j(o) = 25*o - 4352. What is j(68)?
-2652
Let w(n) = 371*n**2 - 91*n + 126. Determine w(2).
1428
Let o(v) = -v**3 + 533*v**2 + 435210*v - 45. Calculate o(-445).
-45
Let d(y) = -y**3 + 35*y**2 + 6014*y + 164. Determine d(97).
164
Let z(t) = -t**2 + 635*t + 18558. Determine z(-28).
-6
Let d(g) = -2*g**2 - 21*g + 1971. Determine d(19).
850
Let t(y) = 510*y - 43748. Give t(86).
112
Let g(w) = 8858*w - 88629. What is g(10)?
-49
Let o(k) = 4*k**2 + 146*k + 3625. Calculate o(-26).
2533
Let s(r) = r**3 + 51*r**2 + 393*r + 659. Calculate s(-42).
29
Let z(f) = -4*f**3 + 74*f**2 + 421*f + 283. Give z(-4).
39
Let f(r) = 2*r**3 + 163*r**2 + 2803*r + 581. Calculate f(-57).
11
Let g(l) = -2*l**3 + 133*l**2 + 1449*l + 45. What is g(76)?
425
Let r(n) = -45*n**2 - 7151*n + 715. Calculate r(-159).
79
Let a(m) = 103*m + 13803. Give a(-138).
-411
Let d(n) = -2*n**2 - 6863*n + 597968. Determine d(85).
163
Let f(z) = z**2 + 174*z - 22137. What is f(86)?
223
Let y(j) = 28*j**3 + 2660*j**2 + j + 237. Determine y(-95).
142
Let y(t) = t**2 + 966*t + 39383. Give y(-43).
-306
Let g(a) = -2780*a + 5588. Calculate g(2).
28
Let s(b) = b**2 - 411*b + 24619. Give s(337).
-319
Let y(r) = -r**3 - 13*r**2 - 812*r - 9596. Calculate y(-12).
4
Let t(r) = -23*r**3 + 2138*r**2 - 15618*r - 111. Give t(8).
1
Let x(b) = 96*b**2 - 886*b - 2675. What is x(-3)?
847
Let w(j) = j**3 + 11*j**2 - 272*j - 40. Calculate w(-25).
-1990
Let q(v) = v**3 - 21*v**2 + 100*v + 29. Determine q(10).
-71
Let z(a) = -524408*a + 2097632. Determine z(4).
0
Let u(o) = o**2 - 16960*o - 322609. Calculate u(-19).
-8
Let n(t) = -2*t - 38. Give n(0).
-38
Let f(h) = 6*h**3 - 122*h**2 + 94*h - 1045. What is f(20)?
35
Let l(z) = 6679*z + 67685. Calculate l(-10).
895
Let b(u) = -u**3 - 129*u**2 - 263*u + 27. Determine b(-127).
1170
Let f(r) = -r**3 - 36*r**2 - 213*r + 513. Determine f(-28).
205
Let z(p) = 750*p + 5247. Determine z(-7).
-3
Let f(y) = -y**3 + 18*y**2 - 5045*y + 96188. Calculate f(19).
-28
Let j(t) = 5*t**2 + 693*t + 4182. Give j(-6).
204
Let f(p) = -705*p**2 - 23957*p + 882. Calculate f(-34).
440
Let w(l) = -41603*l + 83173. Give w(2).
-33
Let o(g) = 3*g**2 + 1034*g - 45708. What is o(40)?
452
Let f(r) = 6269*r + 68868. Give f(-11).
-91
Let p(z) = -2*z**2 + 1064*z - 49072. What is p(51)?
-10
Let n(c) = -2078*c - 8293. Determine n(-4).
19
Let v(z) = -873*z**3 - 55*z**2 - 55*z + 2. Give v(-1).
875
Let z(s) = -s**3 + 7*s**2 + 46204*s - 369567. Give z(8).
1
Let j(i) = 139*i**2 - 8480*i - 191. Determine j(61).
-252
Let r(g) = 2*g**3 - 45*g**2 + 14*g + 144. Calculate r(21).
-885
Let d(v) = -477*v + 221320. Determine d(464).
-8
Let v(b) = 5066*b + 2224. Determine v(0).
2224
Let w(o) = 1065*o - 81670. Calculate w(75).
-1795
Let x(n) = 17319*n + 536883. What is x(-31)?
-6
Let w(s) = 633*s - 150036. Give w(237).
-15
Let y(d) = -526*d**3 + 1070*d**2 - 12*d + 15. Determine y(2).
63
Let f(t) = 384*t - 37465. Give f(101).
1319
Let q(w) = 2*w**2 - 559*w - 3979. Determine q(-7).
32
Let c(x) = -23444*x + 398398. What is c(17)?
-150
Let s(v) = -637*v + 4429. Give s(7).
-30
Let l(i) = -2*i**3 + 27*i**2 + 74*i - 1301. Determine l(8).
-5
Let z(u) = -10485*u - 4697341. Determine z(-448).
-61
Let r(p) = -63*p**3 + 6*p**2 + 454*p - 1811. Calculate r(4).
-3931
Let h(r) = 3*r**2 + 48*r - 8811. Calculate h(43).
-1200
Let d(g) = 2*g**3 - 19*g**2 + 1294*g - 13032. Determine d(10).
8
Let g(a) = a**2 - 73*a + 1989. Calculate g(35).
659
Let o(x) = x**3 - 133*x**2 + 869*x - 646. What is o(6)?
-4
Let q(p) = 10*p**2 - 515*p + 3011. Give q(45).
86
Let g(t) = -11827*t + 2235311. Calculate g(189).
8
Let h(f) = 16594*f - 66811. What is h(4)?
-435
Let j(m) = 2586*m - 63456. Give j(25).
1194
Let h(y) = 39*y**2 - 243*y + 369. Calculate h(4).
21
Let a(r) = 2155*r - 308135. Give a(143).
30
Let c(f) = f**3 - 9713*f**2 - 19456*f - 52. Calculate c(-2).
0
Let s(u) = -9*u**3 + 29*u**2 + 204*u - 962. Determine s(6).
-638
Let o(m) = 29*m**2 - 559*m - 4411. What is o(-8)?
1917
Let d(j) = j**3 - 253*j**2 + 2407*j + 5596. Determine d(243).
7
Let z(m) = m**2 - 5985*m + 553770. Give z(94).
16
Let v(d) = -72952*d - 2772160. Give v(-38).
16
Let j(k) = -k**3 + 527*k**2 - 14426*k - 454. Determine j(29).
10
Let w(c) = 22*c**2 - 101*c + 94. Give w(7).
465
Let j(v) = 2*v**2 - 2136*v + 353847. Give j(205).
17
Let k(d) = 2*d + 361. What is k(67)?
495
Let m(j) = 425*j - 21284. Calculate m(51).
391
Let f(i) = -11*i**2 - 2033*i + 4370. Determine f(-187).
-118
Let m(s) = 23*s**2 + 441*s - 61066. What is m(-62)?
4
Let v(i) = 2*i**3 + 27*i**2 + 470*i + 5263. Determine v(-12).
55
Let m(b) = 91*b + 32031. Calculate m(-352).
-1
Let q(t) = t**2 + 7199*t + 57567. Calculate q(-8).
39
Let y(j) = j**3 - 17*j**2 - 223*j + 1431. What is y(24)?
111
Let t(c) = 20*c**2 - 47*c - 342. Calculate t(-6).
660
Let r(i) = i**3 - 81*i**2 + 558*i + 1929. Give r(73).
31
Let p(a) = 199*a - 13663. Give p(61).
-1524
Let f(b) = 6086*b - 1649305. What is f(271)?
1
Let f(t) = -t**3 - 1274*t**2 - 183932*t - 4436. Determine f(-1108).
-4
Let o(x) = x**3 + 127*x**2 + 2310*x - 32. Calculate o(-105).
-32
Let y(c) = 187592*c - 1125535. Determine y(6).
17
Let j(i) = -806*i - 4015. Determine j(-5).
15
Let l(k) = k**3 + 573*k + 1727. Give l(-3).
-19
Let m(r) = 2*r**2 + 287*r + 7982. Calculate m(-103).
-361
Let i(h) = -6535*h + 1169892. Calculate i(179).
127
Let f(t) = -728*t**3 + 2*t**2 + 1074*t - 1075. Calculate f(1).
-727
Let l(m) = -6021*m + 90414. Calculate l(15).
99
Let b(o) = o**3 - 66*o**2 + 162*o - 20264. What is b(68)?
0
Let s(p) = 17701*p + 70683. Calculate s(-4).
-121
Let k(b) = -275*b + 988. What is k(2)?
438
Let l(j) = j**3 - 4*j**2 + 34*j - 980. What is l(11)?
241
Let q(k) = 16450*k - 114020. Determine q(7).
1130
Let z(a) = 3*a**2 - 5191*a - 36233. Calculate z(-7).
251
Let k(v) = -v**2 - 50268*v + 301649. Calculate k(6).
5
Let r(j) = -978968*j - 3915885. Calculate r(-4).
-13
Let l(a) = -753*a + 99655. Determine l(132).
259
Let i(p) = -12*p**3 - 3556*p**2 - 1185*p - 305. Calculate i(-296).
-9
Let t(z) = -2994*z - 44714. Calculate t(-15).
196
Let d(y) = -y**3 + 7*y**2 - 21*y + 3. What is d(5)?
-52
Let z(a) = a**3 - 611*a**2 + 5392*a + 15654. Determine z(602).
2
Let j(b) = -8046*b + 29. Calculate j(0).
29
Let p(j) = -3*j**3 + 543*j**2 + 1649*j + 270. Determine p(184).
-1018
Let g(w) = 2031*w**2 + 24*w - 24. Determine g(1).
2031
Let n(z) = -z**2 + 2880*z - 188577. Give n(67).
-106
Let r(x) = 2*x**3 - 196*x**2 + 427*x - 4147. Determine r(96).
-19
Let j(p) = -285*p**2 - 3396*p + 97. Determine j(-12).
-191
Let l(t) = -17653*t + 1147473. Give l(65).
28
Let n(j) = 4*j**3 - 114*j**2 + 172*j + 30. Determine n(27).
300
Let j(z) = 6*z**2 - 273205*z - 546401. What is j(-2)?
33
Let d(c) = 2*c**2 - 385*c - 2313. Calculate d(-6).
69